
{"id":8411,"date":"2026-01-14T07:36:03","date_gmt":"2026-01-14T06:36:03","guid":{"rendered":"https:\/\/przedszkole150.edu.wroclaw.pl\/?page_id=8411"},"modified":"2026-01-14T07:36:03","modified_gmt":"2026-01-14T06:36:03","slug":"sniegowy-przyjaciel","status":"publish","type":"page","link":"https:\/\/przedszkole150.edu.wroclaw.pl\/index.php\/sniegowy-przyjaciel\/","title":{"rendered":"\u015aniegowy przyjaciel"},"content":{"rendered":"<div class=\"wpb-content-wrapper\"><p>[vc_row][vc_column][vc_column_text]<span style=\"font-family: times new roman, times;font-size: 14pt\" data-olk-copy-source=\"MessageBody\">Dzi\u015b uda\u0142o si\u0119 grupie 5 nacieszy\u0107 \u015bniegiem i chcieli\u015bmy si\u0119 podzieli\u0107 t\u0105 rado\u015bci\u0105.\u00a0<\/span>[\/vc_column_text][vc_gallery type=&#8221;image_grid&#8221; images=&#8221;8412,8413,8414,8415&#8243; css=&#8221;&#8221;][\/vc_column][\/vc_row]<\/p>\n<\/div>","protected":false},"excerpt":{"rendered":"<p>[vc_row][vc_column][vc_column_text]Dzi\u015b uda\u0142o si\u0119 grupie 5 nacieszy\u0107 \u015bniegiem i chcieli\u015bmy si\u0119 podzieli\u0107 t\u0105 rado\u015bci\u0105.\u00a0[\/vc_column_text][vc_gallery type=&#8221;image_grid&#8221; images=&#8221;8412,8413,8414,8415&#8243; css=&#8221;&#8221;][\/vc_column][\/vc_row]<\/p>\n","protected":false},"author":200,"featured_media":0,"parent":0,"menu_order":0,"comment_status":"closed","ping_status":"closed","template":"","meta":{"ngg_post_thumbnail":0,"footnotes":""},"class_list":["post-8411","page","type-page","status-publish","hentry","clearfix"],"_links":{"self":[{"href":"https:\/\/przedszkole150.edu.wroclaw.pl\/index.php\/wp-json\/wp\/v2\/pages\/8411","targetHints":{"allow":["GET"]}}],"collection":[{"href":"https:\/\/przedszkole150.edu.wroclaw.pl\/index.php\/wp-json\/wp\/v2\/pages"}],"about":[{"href":"https:\/\/przedszkole150.edu.wroclaw.pl\/index.php\/wp-json\/wp\/v2\/types\/page"}],"author":[{"embeddable":true,"href":"https:\/\/przedszkole150.edu.wroclaw.pl\/index.php\/wp-json\/wp\/v2\/users\/200"}],"replies":[{"embeddable":true,"href":"https:\/\/przedszkole150.edu.wroclaw.pl\/index.php\/wp-json\/wp\/v2\/comments?post=8411"}],"version-history":[{"count":1,"href":"https:\/\/przedszkole150.edu.wroclaw.pl\/index.php\/wp-json\/wp\/v2\/pages\/8411\/revisions"}],"predecessor-version":[{"id":8416,"href":"https:\/\/przedszkole150.edu.wroclaw.pl\/index.php\/wp-json\/wp\/v2\/pages\/8411\/revisions\/8416"}],"wp:attachment":[{"href":"https:\/\/przedszkole150.edu.wroclaw.pl\/index.php\/wp-json\/wp\/v2\/media?parent=8411"}],"curies":[{"name":"wp","href":"https:\/\/api.w.org\/{rel}","templated":true}]}}