
{"id":8443,"date":"2026-01-27T17:57:25","date_gmt":"2026-01-27T16:57:25","guid":{"rendered":"https:\/\/przedszkole150.edu.wroclaw.pl\/?page_id=8443"},"modified":"2026-01-27T17:57:25","modified_gmt":"2026-01-27T16:57:25","slug":"hu-hu-ha-zima-wcale-nie-jest-zla","status":"publish","type":"page","link":"https:\/\/przedszkole150.edu.wroclaw.pl\/index.php\/hu-hu-ha-zima-wcale-nie-jest-zla\/","title":{"rendered":"Hu hu ha zima wcale nie jest z\u0142a"},"content":{"rendered":"<div class=\"wpb-content-wrapper\"><p>[vc_row][vc_column][vc_column_text]Dzieci wykona\u0142y weso\u0142e, zimowe prace plastyczne i pokaza\u0142y, \u017ce zima wcale nie jest taka z\u0142a. Na wystawach pojawi\u0142y si\u0119 ba\u0142wanki, \u015bnie\u017cne p\u0142atki, drzewa i dzieci bawi\u0105ce si\u0119 na dworze. Przedszkolaki malowa\u0142y farbami i wykleja\u0142y wat\u0105, tworz\u0105c pi\u0119kne, zimowe krajobrazy. Cho\u0107 za oknem \u015bniegu brak, to nasze przedszkolne korytarze s\u0105 pe\u0142ne ba\u0142wank\u00f3w i \u015bnie\u017cnych zasp :)[\/vc_column_text][vc_gallery type=&#8221;image_grid&#8221; images=&#8221;8444,8445,8446,8447,8448,8449,8450,8451,8452,8453,8454,8455,8456,8457,8458,8459&#8243; css=&#8221;&#8221;][\/vc_column][\/vc_row]<\/p>\n<\/div>","protected":false},"excerpt":{"rendered":"<p>[vc_row][vc_column][vc_column_text]Dzieci wykona\u0142y weso\u0142e, zimowe prace plastyczne i pokaza\u0142y, \u017ce zima wcale nie jest taka z\u0142a. Na wystawach pojawi\u0142y si\u0119 ba\u0142wanki, \u015bnie\u017cne p\u0142atki, drzewa i dzieci bawi\u0105ce si\u0119 na dworze. Przedszkolaki [&hellip;]<\/p>\n","protected":false},"author":200,"featured_media":0,"parent":0,"menu_order":0,"comment_status":"closed","ping_status":"closed","template":"","meta":{"ngg_post_thumbnail":0,"footnotes":""},"class_list":["post-8443","page","type-page","status-publish","hentry","clearfix"],"_links":{"self":[{"href":"https:\/\/przedszkole150.edu.wroclaw.pl\/index.php\/wp-json\/wp\/v2\/pages\/8443","targetHints":{"allow":["GET"]}}],"collection":[{"href":"https:\/\/przedszkole150.edu.wroclaw.pl\/index.php\/wp-json\/wp\/v2\/pages"}],"about":[{"href":"https:\/\/przedszkole150.edu.wroclaw.pl\/index.php\/wp-json\/wp\/v2\/types\/page"}],"author":[{"embeddable":true,"href":"https:\/\/przedszkole150.edu.wroclaw.pl\/index.php\/wp-json\/wp\/v2\/users\/200"}],"replies":[{"embeddable":true,"href":"https:\/\/przedszkole150.edu.wroclaw.pl\/index.php\/wp-json\/wp\/v2\/comments?post=8443"}],"version-history":[{"count":1,"href":"https:\/\/przedszkole150.edu.wroclaw.pl\/index.php\/wp-json\/wp\/v2\/pages\/8443\/revisions"}],"predecessor-version":[{"id":8460,"href":"https:\/\/przedszkole150.edu.wroclaw.pl\/index.php\/wp-json\/wp\/v2\/pages\/8443\/revisions\/8460"}],"wp:attachment":[{"href":"https:\/\/przedszkole150.edu.wroclaw.pl\/index.php\/wp-json\/wp\/v2\/media?parent=8443"}],"curies":[{"name":"wp","href":"https:\/\/api.w.org\/{rel}","templated":true}]}}