
{"id":8494,"date":"2026-01-29T08:16:03","date_gmt":"2026-01-29T07:16:03","guid":{"rendered":"https:\/\/przedszkole150.edu.wroclaw.pl\/?page_id=8494"},"modified":"2026-02-11T10:15:28","modified_gmt":"2026-02-11T09:15:28","slug":"gabinet-logopedyczny","status":"publish","type":"page","link":"https:\/\/przedszkole150.edu.wroclaw.pl\/index.php\/gabinet-logopedyczny\/","title":{"rendered":"Gabinet logopedyczny"},"content":{"rendered":"<div class=\"wpb-content-wrapper\"><p>[vc_row][vc_column][vc_column_text]Gabinet logopedyczny w przedszkolu to specjalnie przygotowane miejsce przeznaczone do diagnozowania, terapii i wspierania prawid\u0142owego rozwoju mowy u dzieci. Wyposa\u017cony jest w pomoce dydaktyczne, zabawki edukacyjne oraz materia\u0142y terapeutyczne, kt\u00f3re umo\u017cliwiaj\u0105 prowadzenie zaj\u0119\u0107 indywidualnych i grupowych w spos\u00f3b atrakcyjny i bezpieczny dla dziecka.<\/p>\n<p>Wyposa\u017cony jest \u00a0m.in. w \u00a0lusterka logopedyczne, karty obrazkowe, gry edukacyjne, pomoce do \u0107wicze\u0144 oddechowych i artykulacyjnych.<\/p>\n<p>Gabinet logopedyczny pe\u0142ni rol\u0119 terapeutyczn\u0105, profilaktyczn\u0105 i edukacyjn\u0105. S\u0142u\u017cy do prowadzenia diagnozy mowy, terapii wad wymowy, rozwijania j\u0119zyka i komunikacji oraz wspierania dzieci w zdobywaniu prawid\u0142owych umiej\u0119tno\u015bci komunikacyjnych.<\/p>\n<p>&nbsp;<\/p>\n<p>[\/vc_column_text][vc_gallery type=&#8221;image_grid&#8221; images=&#8221;8486,8485,8481,8482,8480&#8243; css=&#8221;&#8221;][\/vc_column][\/vc_row]<\/p>\n<\/div>","protected":false},"excerpt":{"rendered":"<p>[vc_row][vc_column][vc_column_text]Gabinet logopedyczny w przedszkolu to specjalnie przygotowane miejsce przeznaczone do diagnozowania, terapii i wspierania prawid\u0142owego rozwoju mowy u dzieci. Wyposa\u017cony jest w pomoce dydaktyczne, zabawki edukacyjne oraz materia\u0142y terapeutyczne, kt\u00f3re [&hellip;]<\/p>\n","protected":false},"author":264,"featured_media":0,"parent":0,"menu_order":0,"comment_status":"closed","ping_status":"closed","template":"","meta":{"ngg_post_thumbnail":0,"footnotes":""},"class_list":["post-8494","page","type-page","status-publish","hentry","clearfix"],"_links":{"self":[{"href":"https:\/\/przedszkole150.edu.wroclaw.pl\/index.php\/wp-json\/wp\/v2\/pages\/8494","targetHints":{"allow":["GET"]}}],"collection":[{"href":"https:\/\/przedszkole150.edu.wroclaw.pl\/index.php\/wp-json\/wp\/v2\/pages"}],"about":[{"href":"https:\/\/przedszkole150.edu.wroclaw.pl\/index.php\/wp-json\/wp\/v2\/types\/page"}],"author":[{"embeddable":true,"href":"https:\/\/przedszkole150.edu.wroclaw.pl\/index.php\/wp-json\/wp\/v2\/users\/264"}],"replies":[{"embeddable":true,"href":"https:\/\/przedszkole150.edu.wroclaw.pl\/index.php\/wp-json\/wp\/v2\/comments?post=8494"}],"version-history":[{"count":3,"href":"https:\/\/przedszkole150.edu.wroclaw.pl\/index.php\/wp-json\/wp\/v2\/pages\/8494\/revisions"}],"predecessor-version":[{"id":8647,"href":"https:\/\/przedszkole150.edu.wroclaw.pl\/index.php\/wp-json\/wp\/v2\/pages\/8494\/revisions\/8647"}],"wp:attachment":[{"href":"https:\/\/przedszkole150.edu.wroclaw.pl\/index.php\/wp-json\/wp\/v2\/media?parent=8494"}],"curies":[{"name":"wp","href":"https:\/\/api.w.org\/{rel}","templated":true}]}}