
{"id":8717,"date":"2026-02-17T18:37:20","date_gmt":"2026-02-17T17:37:20","guid":{"rendered":"https:\/\/przedszkole150.edu.wroclaw.pl\/?page_id=8717"},"modified":"2026-02-17T18:37:20","modified_gmt":"2026-02-17T17:37:20","slug":"bal-karnawalowy-2026","status":"publish","type":"page","link":"https:\/\/przedszkole150.edu.wroclaw.pl\/index.php\/bal-karnawalowy-2026\/","title":{"rendered":"Bal karnawa\u0142owy 2026"},"content":{"rendered":"<div class=\"wpb-content-wrapper\"><p>[vc_row][vc_column][vc_column_text]<span style=\"font-family: times new roman, times;font-size: 14pt\">Dn. 21 stycznia w naszym przedszkolu odby\u0142 si\u0119 weso\u0142y bal karnawa\u0142owy. Dzieci przysz\u0142y w pi\u0119knych, kolorowych strojach \u2013 by\u0142y ksi\u0119\u017cniczki, superbohaterowie, zwierz\u0105tka i bajkowe postacie. Wszyscy \u015bwietnie bawili si\u0119 przy muzyce, ta\u0144cz\u0105c i bior\u0105c udzia\u0142 w zabawach ruchowych. Bal up\u0142yn\u0105\u0142 w radosnej atmosferze i na d\u0142ugo zostanie w naszej pami\u0119ci. \ud83c\udfad\ud83c\udfb6<\/span>[\/vc_column_text][vc_gallery type=&#8221;image_grid&#8221; images=&#8221;8731,8732,8730,8729,8728,8727,8726,8725,8724,8723,8722,8721,8720,8719,8718&#8243; css=&#8221;&#8221;][\/vc_column][\/vc_row]<\/p>\n<\/div>","protected":false},"excerpt":{"rendered":"<p>[vc_row][vc_column][vc_column_text]Dn. 21 stycznia w naszym przedszkolu odby\u0142 si\u0119 weso\u0142y bal karnawa\u0142owy. Dzieci przysz\u0142y w pi\u0119knych, kolorowych strojach \u2013 by\u0142y ksi\u0119\u017cniczki, superbohaterowie, zwierz\u0105tka i bajkowe postacie. Wszyscy \u015bwietnie bawili si\u0119 przy [&hellip;]<\/p>\n","protected":false},"author":200,"featured_media":0,"parent":0,"menu_order":0,"comment_status":"closed","ping_status":"closed","template":"","meta":{"ngg_post_thumbnail":0,"footnotes":""},"class_list":["post-8717","page","type-page","status-publish","hentry","clearfix"],"_links":{"self":[{"href":"https:\/\/przedszkole150.edu.wroclaw.pl\/index.php\/wp-json\/wp\/v2\/pages\/8717","targetHints":{"allow":["GET"]}}],"collection":[{"href":"https:\/\/przedszkole150.edu.wroclaw.pl\/index.php\/wp-json\/wp\/v2\/pages"}],"about":[{"href":"https:\/\/przedszkole150.edu.wroclaw.pl\/index.php\/wp-json\/wp\/v2\/types\/page"}],"author":[{"embeddable":true,"href":"https:\/\/przedszkole150.edu.wroclaw.pl\/index.php\/wp-json\/wp\/v2\/users\/200"}],"replies":[{"embeddable":true,"href":"https:\/\/przedszkole150.edu.wroclaw.pl\/index.php\/wp-json\/wp\/v2\/comments?post=8717"}],"version-history":[{"count":1,"href":"https:\/\/przedszkole150.edu.wroclaw.pl\/index.php\/wp-json\/wp\/v2\/pages\/8717\/revisions"}],"predecessor-version":[{"id":8733,"href":"https:\/\/przedszkole150.edu.wroclaw.pl\/index.php\/wp-json\/wp\/v2\/pages\/8717\/revisions\/8733"}],"wp:attachment":[{"href":"https:\/\/przedszkole150.edu.wroclaw.pl\/index.php\/wp-json\/wp\/v2\/media?parent=8717"}],"curies":[{"name":"wp","href":"https:\/\/api.w.org\/{rel}","templated":true}]}}