
{"id":8795,"date":"2026-03-02T06:17:08","date_gmt":"2026-03-02T05:17:08","guid":{"rendered":"https:\/\/przedszkole150.edu.wroclaw.pl\/?page_id=8795"},"modified":"2026-03-02T06:17:08","modified_gmt":"2026-03-02T05:17:08","slug":"male-rece-wielka-wyobraznia","status":"publish","type":"page","link":"https:\/\/przedszkole150.edu.wroclaw.pl\/index.php\/male-rece-wielka-wyobraznia\/","title":{"rendered":"Ma\u0142e r\u0119ce, wielka wyobra\u017ania!"},"content":{"rendered":"<div class=\"wpb-content-wrapper\"><p>[vc_row][vc_column][vc_column_text]<\/p>\n<div data-processed=\"true\" data-complete=\"true\" data-hveid=\"CAEIAxAA\" data-sfc-cp=\"\" data-olk-copy-source=\"MessageBody\">Zabawy plastyczne to dla naszych przedszkolak\u00f3w czas radosnego odkrywania \u015bwiata i w\u0142asnych mo\u017cliwo\u015bci. Poprzez sztuk\u0119 dzieci ucz\u0105 si\u0119 wyra\u017ca\u0107 emocje, \u0107wicz\u0105 sprawno\u015b\u0107 d\u0142oni i rozwijaj\u0105 nieograniczon\u0105 wyobra\u017ani\u0119.<\/div>\n<div data-complete=\"true\" data-processed=\"true\" data-hveid=\"CAEIBBAA\" data-sfc-cp=\"\"><strong data-processed=\"true\" data-complete=\"true\">Korzy\u015bci z wykonywania prac s\u0105 olbrzymie:<\/strong><\/div>\n<ul data-processed=\"true\" data-complete=\"true\">\n<li data-sae=\"\" data-complete=\"true\" data-hveid=\"CAEIBRAA\"><span data-complete=\"true\" data-sfc-cp=\"\"><strong data-complete=\"true\">Sprawne r\u0105czki:<\/strong>\u00a0Przygotowanie do nauki pisania poprzez wycinanie, lepienie i rysowanie.<\/span><\/li>\n<li data-sae=\"\" data-complete=\"true\" data-hveid=\"CAEIBRAB\"><span data-complete=\"true\" data-sfc-cp=\"\"><strong data-complete=\"true\">Kreatywne my\u015blenie:<\/strong>\u00a0Poszukiwanie w\u0142asnych rozwi\u0105za\u0144 i eksperymentowanie z form\u0105.<\/span><\/li>\n<li data-sae=\"\" data-complete=\"true\" data-hveid=\"CAEIBRAC\"><span data-complete=\"true\" data-sfc-cp=\"\"><strong data-complete=\"true\">Rado\u015b\u0107 tworzenia:<\/strong>\u00a0Budowanie pewno\u015bci siebie poprzez realizacj\u0119 w\u0142asnych pomys\u0142\u00f3w.<\/span><\/li>\n<li data-sae=\"\" data-complete=\"true\" data-hveid=\"CAEIBRAD\"><span data-complete=\"true\" data-sfc-cp=\"\"><strong data-complete=\"true\">Zmys\u0142owa przygoda:<\/strong>\u00a0Poznawanie nowych faktur, barw i zapach\u00f3w r\u00f3\u017cnorodnych materia\u0142\u00f3w.<\/span><\/li>\n<li data-sae=\"\" data-complete=\"true\" data-hveid=\"CAEIBRAD\"><\/li>\n<\/ul>\n<p>[\/vc_column_text][vc_gallery type=&#8221;image_grid&#8221; images=&#8221;8796,8797,8798,8799,8800,8801,8802,8803,8804,8805,8806,8807&#8243; css=&#8221;&#8221;][\/vc_column][\/vc_row]<\/p>\n<\/div>","protected":false},"excerpt":{"rendered":"<p>[vc_row][vc_column][vc_column_text] Zabawy plastyczne to dla naszych przedszkolak\u00f3w czas radosnego odkrywania \u015bwiata i w\u0142asnych mo\u017cliwo\u015bci. Poprzez sztuk\u0119 dzieci ucz\u0105 si\u0119 wyra\u017ca\u0107 emocje, \u0107wicz\u0105 sprawno\u015b\u0107 d\u0142oni i rozwijaj\u0105 nieograniczon\u0105 wyobra\u017ani\u0119. Korzy\u015bci z [&hellip;]<\/p>\n","protected":false},"author":264,"featured_media":0,"parent":0,"menu_order":0,"comment_status":"closed","ping_status":"closed","template":"","meta":{"ngg_post_thumbnail":0,"footnotes":""},"class_list":["post-8795","page","type-page","status-publish","hentry","clearfix"],"_links":{"self":[{"href":"https:\/\/przedszkole150.edu.wroclaw.pl\/index.php\/wp-json\/wp\/v2\/pages\/8795","targetHints":{"allow":["GET"]}}],"collection":[{"href":"https:\/\/przedszkole150.edu.wroclaw.pl\/index.php\/wp-json\/wp\/v2\/pages"}],"about":[{"href":"https:\/\/przedszkole150.edu.wroclaw.pl\/index.php\/wp-json\/wp\/v2\/types\/page"}],"author":[{"embeddable":true,"href":"https:\/\/przedszkole150.edu.wroclaw.pl\/index.php\/wp-json\/wp\/v2\/users\/264"}],"replies":[{"embeddable":true,"href":"https:\/\/przedszkole150.edu.wroclaw.pl\/index.php\/wp-json\/wp\/v2\/comments?post=8795"}],"version-history":[{"count":1,"href":"https:\/\/przedszkole150.edu.wroclaw.pl\/index.php\/wp-json\/wp\/v2\/pages\/8795\/revisions"}],"predecessor-version":[{"id":8809,"href":"https:\/\/przedszkole150.edu.wroclaw.pl\/index.php\/wp-json\/wp\/v2\/pages\/8795\/revisions\/8809"}],"wp:attachment":[{"href":"https:\/\/przedszkole150.edu.wroclaw.pl\/index.php\/wp-json\/wp\/v2\/media?parent=8795"}],"curies":[{"name":"wp","href":"https:\/\/api.w.org\/{rel}","templated":true}]}}