
{"id":8822,"date":"2026-03-06T10:22:58","date_gmt":"2026-03-06T09:22:58","guid":{"rendered":"https:\/\/przedszkole150.edu.wroclaw.pl\/?page_id=8822"},"modified":"2026-03-06T10:22:58","modified_gmt":"2026-03-06T09:22:58","slug":"i-miejsce-konkurs-plastyczny-kot-przyjaciel-czlowieka-2026","status":"publish","type":"page","link":"https:\/\/przedszkole150.edu.wroclaw.pl\/index.php\/i-miejsce-konkurs-plastyczny-kot-przyjaciel-czlowieka-2026\/","title":{"rendered":"I miejsce &#8211; Konkurs plastyczny &#8222;Kot &#8211; przyjaciel cz\u0142owieka&#8221; 2026"},"content":{"rendered":"<div class=\"wpb-content-wrapper\"><p>[vc_row][vc_column][vc_column_text]Jest nam niezmiernie mi\u0142o poinformowa\u0107, i\u017c <strong>Natalia R<\/strong>. z gr. VIII zdoby\u0142a <strong><span style=\"color: #ff0000\">I miejsce<\/span><\/strong> w miejskim konkursie plastycznym <em>&#8222;Kot &#8211; przyjaciel cz\u0142owieka&#8221;<\/em> zorganizowanym przez Przedszkole Nr 124.<\/p>\n<p>W konkursie wzi\u0119\u0142y udzia\u0142 r\u00f3wnie\u017c <strong>R\u00f3\u017ca M.<\/strong> z gr.I oraz <strong>Gabrysia W<\/strong>. z gr. VI.<\/p>\n<p>Celem konkursu by\u0142o rozwijanie talent\u00f3w i umiej\u0119tno\u015bci plastycznych dzieci oraz rozbudzanie wra\u017cliwo\u015bci i empatii wobec zwierz\u0105t.<\/p>\n<p>Serdecznie gratulujemy![\/vc_column_text][vc_gallery type=&#8221;image_grid&#8221; images=&#8221;8824,8825,8826,8828&#8243; css=&#8221;&#8221;][\/vc_column][\/vc_row]<\/p>\n<\/div>","protected":false},"excerpt":{"rendered":"<p>[vc_row][vc_column][vc_column_text]Jest nam niezmiernie mi\u0142o poinformowa\u0107, i\u017c Natalia R. z gr. VIII zdoby\u0142a I miejsce w miejskim konkursie plastycznym &#8222;Kot &#8211; przyjaciel cz\u0142owieka&#8221; zorganizowanym przez Przedszkole Nr 124. W konkursie wzi\u0119\u0142y [&hellip;]<\/p>\n","protected":false},"author":200,"featured_media":0,"parent":0,"menu_order":0,"comment_status":"closed","ping_status":"closed","template":"","meta":{"ngg_post_thumbnail":0,"footnotes":""},"class_list":["post-8822","page","type-page","status-publish","hentry","clearfix"],"_links":{"self":[{"href":"https:\/\/przedszkole150.edu.wroclaw.pl\/index.php\/wp-json\/wp\/v2\/pages\/8822","targetHints":{"allow":["GET"]}}],"collection":[{"href":"https:\/\/przedszkole150.edu.wroclaw.pl\/index.php\/wp-json\/wp\/v2\/pages"}],"about":[{"href":"https:\/\/przedszkole150.edu.wroclaw.pl\/index.php\/wp-json\/wp\/v2\/types\/page"}],"author":[{"embeddable":true,"href":"https:\/\/przedszkole150.edu.wroclaw.pl\/index.php\/wp-json\/wp\/v2\/users\/200"}],"replies":[{"embeddable":true,"href":"https:\/\/przedszkole150.edu.wroclaw.pl\/index.php\/wp-json\/wp\/v2\/comments?post=8822"}],"version-history":[{"count":1,"href":"https:\/\/przedszkole150.edu.wroclaw.pl\/index.php\/wp-json\/wp\/v2\/pages\/8822\/revisions"}],"predecessor-version":[{"id":8829,"href":"https:\/\/przedszkole150.edu.wroclaw.pl\/index.php\/wp-json\/wp\/v2\/pages\/8822\/revisions\/8829"}],"wp:attachment":[{"href":"https:\/\/przedszkole150.edu.wroclaw.pl\/index.php\/wp-json\/wp\/v2\/media?parent=8822"}],"curies":[{"name":"wp","href":"https:\/\/api.w.org\/{rel}","templated":true}]}}