
{"id":8878,"date":"2026-03-16T18:10:07","date_gmt":"2026-03-16T17:10:07","guid":{"rendered":"https:\/\/przedszkole150.edu.wroclaw.pl\/?page_id=8878"},"modified":"2026-03-16T18:10:07","modified_gmt":"2026-03-16T17:10:07","slug":"przedstawienie-teatralne-odlot","status":"publish","type":"page","link":"https:\/\/przedszkole150.edu.wroclaw.pl\/index.php\/przedstawienie-teatralne-odlot\/","title":{"rendered":"Przedstawienie teatralne &#8222;Odlot&#8221;"},"content":{"rendered":"<div class=\"wpb-content-wrapper\"><p>[vc_row][vc_column][vc_column_text]<span style=\"font-family: times new roman, times;font-size: 14pt\">Dzieci z gr. I i IV obejrza\u0142y przedstawienie teatralne w wykonaniu &#8222;Teatru Ma\u0142ego&#8221; pt. &#8222;Odlot&#8221;.<\/span><\/p>\n<p data-start=\"0\" data-end=\"542\"><span style=\"font-family: times new roman, times;font-size: 14pt\">Przedstawienie opowiada histori\u0119 ptasiej rodziny, w kt\u00f3rej na \u015bwiat przychodz\u0105 trzy pisklaki. Ka\u017cde z nich jest inne, a jedno z nich bardzo si\u0119 wszystkiego boi. Najbardziej przera\u017ca je moment pierwszego lotu, dlatego d\u0142ugo nie ma odwagi opu\u015bci\u0107 gniazda. Dzi\u0119ki wsparciu rodziny i stopniowemu pokonywaniu w\u0142asnych obaw pisklak w ko\u0144cu prze\u0142amuje strach. Na zako\u0144czenie zdobywa si\u0119 na odwag\u0119 i po raz pierwszy wznosi si\u0119 w powietrze, pokazuj\u0105c, \u017ce warto wierzy\u0107 w siebie i pr\u00f3bowa\u0107 mimo l\u0119ku.<\/span><\/p>\n<p data-start=\"544\" data-end=\"663\" data-is-last-node=\"\" data-is-only-node=\"\"><span style=\"font-family: times new roman, times;font-size: 14pt\">Spektakl przekazuje wa\u017cne przes\u0142anie o odwadze, pokonywaniu trudno\u015bci oraz o tym, jak wa\u017cne jest wsparcie najbli\u017cszych.<\/span><\/p>\n<p>[\/vc_column_text][vc_gallery type=&#8221;image_grid&#8221; images=&#8221;8879,8880,8881,8882,8883,8884&#8243; css=&#8221;&#8221;][\/vc_column][\/vc_row]<\/p>\n<\/div>","protected":false},"excerpt":{"rendered":"<p>[vc_row][vc_column][vc_column_text]Dzieci z gr. I i IV obejrza\u0142y przedstawienie teatralne w wykonaniu &#8222;Teatru Ma\u0142ego&#8221; pt. &#8222;Odlot&#8221;. Przedstawienie opowiada histori\u0119 ptasiej rodziny, w kt\u00f3rej na \u015bwiat przychodz\u0105 trzy pisklaki. Ka\u017cde z nich [&hellip;]<\/p>\n","protected":false},"author":200,"featured_media":0,"parent":0,"menu_order":0,"comment_status":"closed","ping_status":"closed","template":"","meta":{"ngg_post_thumbnail":0,"footnotes":""},"class_list":["post-8878","page","type-page","status-publish","hentry","clearfix"],"_links":{"self":[{"href":"https:\/\/przedszkole150.edu.wroclaw.pl\/index.php\/wp-json\/wp\/v2\/pages\/8878","targetHints":{"allow":["GET"]}}],"collection":[{"href":"https:\/\/przedszkole150.edu.wroclaw.pl\/index.php\/wp-json\/wp\/v2\/pages"}],"about":[{"href":"https:\/\/przedszkole150.edu.wroclaw.pl\/index.php\/wp-json\/wp\/v2\/types\/page"}],"author":[{"embeddable":true,"href":"https:\/\/przedszkole150.edu.wroclaw.pl\/index.php\/wp-json\/wp\/v2\/users\/200"}],"replies":[{"embeddable":true,"href":"https:\/\/przedszkole150.edu.wroclaw.pl\/index.php\/wp-json\/wp\/v2\/comments?post=8878"}],"version-history":[{"count":1,"href":"https:\/\/przedszkole150.edu.wroclaw.pl\/index.php\/wp-json\/wp\/v2\/pages\/8878\/revisions"}],"predecessor-version":[{"id":8885,"href":"https:\/\/przedszkole150.edu.wroclaw.pl\/index.php\/wp-json\/wp\/v2\/pages\/8878\/revisions\/8885"}],"wp:attachment":[{"href":"https:\/\/przedszkole150.edu.wroclaw.pl\/index.php\/wp-json\/wp\/v2\/media?parent=8878"}],"curies":[{"name":"wp","href":"https:\/\/api.w.org\/{rel}","templated":true}]}}