
{"id":8922,"date":"2026-03-26T12:58:09","date_gmt":"2026-03-26T11:58:09","guid":{"rendered":"https:\/\/przedszkole150.edu.wroclaw.pl\/?page_id=8922"},"modified":"2026-03-26T12:58:09","modified_gmt":"2026-03-26T11:58:09","slug":"wiosenne-kodowanie-starszakow","status":"publish","type":"page","link":"https:\/\/przedszkole150.edu.wroclaw.pl\/index.php\/wiosenne-kodowanie-starszakow\/","title":{"rendered":"Wiosenne kodowanie starszak\u00f3w"},"content":{"rendered":"<div class=\"wpb-content-wrapper\"><p>[vc_row][vc_column][vc_column_text]Najstarsze grupy naszych przedszkolak\u00f3w &#8222;odkodowa\u0142y&#8221; wiosn\u0119.[\/vc_column_text][vc_gallery type=&#8221;image_grid&#8221; images=&#8221;8923,8924,8925,8926&#8243; css=&#8221;&#8221;][\/vc_column][\/vc_row]<\/p>\n<\/div>","protected":false},"excerpt":{"rendered":"<p>[vc_row][vc_column][vc_column_text]Najstarsze grupy naszych przedszkolak\u00f3w &#8222;odkodowa\u0142y&#8221; wiosn\u0119.[\/vc_column_text][vc_gallery type=&#8221;image_grid&#8221; images=&#8221;8923,8924,8925,8926&#8243; css=&#8221;&#8221;][\/vc_column][\/vc_row]<\/p>\n","protected":false},"author":200,"featured_media":0,"parent":0,"menu_order":0,"comment_status":"closed","ping_status":"closed","template":"","meta":{"ngg_post_thumbnail":0,"footnotes":""},"class_list":["post-8922","page","type-page","status-publish","hentry","clearfix"],"_links":{"self":[{"href":"https:\/\/przedszkole150.edu.wroclaw.pl\/index.php\/wp-json\/wp\/v2\/pages\/8922","targetHints":{"allow":["GET"]}}],"collection":[{"href":"https:\/\/przedszkole150.edu.wroclaw.pl\/index.php\/wp-json\/wp\/v2\/pages"}],"about":[{"href":"https:\/\/przedszkole150.edu.wroclaw.pl\/index.php\/wp-json\/wp\/v2\/types\/page"}],"author":[{"embeddable":true,"href":"https:\/\/przedszkole150.edu.wroclaw.pl\/index.php\/wp-json\/wp\/v2\/users\/200"}],"replies":[{"embeddable":true,"href":"https:\/\/przedszkole150.edu.wroclaw.pl\/index.php\/wp-json\/wp\/v2\/comments?post=8922"}],"version-history":[{"count":1,"href":"https:\/\/przedszkole150.edu.wroclaw.pl\/index.php\/wp-json\/wp\/v2\/pages\/8922\/revisions"}],"predecessor-version":[{"id":8927,"href":"https:\/\/przedszkole150.edu.wroclaw.pl\/index.php\/wp-json\/wp\/v2\/pages\/8922\/revisions\/8927"}],"wp:attachment":[{"href":"https:\/\/przedszkole150.edu.wroclaw.pl\/index.php\/wp-json\/wp\/v2\/media?parent=8922"}],"curies":[{"name":"wp","href":"https:\/\/api.w.org\/{rel}","templated":true}]}}