
{"id":8956,"date":"2026-03-29T13:05:53","date_gmt":"2026-03-29T11:05:53","guid":{"rendered":"https:\/\/przedszkole150.edu.wroclaw.pl\/?page_id=8956"},"modified":"2026-03-29T13:06:23","modified_gmt":"2026-03-29T11:06:23","slug":"wiosenne-zabawy-w-naszym-przedszkolu","status":"publish","type":"page","link":"https:\/\/przedszkole150.edu.wroclaw.pl\/index.php\/wiosenne-zabawy-w-naszym-przedszkolu\/","title":{"rendered":"Wiosenne zabawy w naszym przedszkolu"},"content":{"rendered":"<div class=\"wpb-content-wrapper\"><p data-start=\"105\" data-end=\"297\">Wraz z nadej\u015bciem wiosny nasze przedszkolaki z rado\u015bci\u0105 odkrywaj\u0105 zmiany zachodz\u0105ce w przyrodzie. W ostatnich dniach dzieci uczestniczy\u0142y w wyj\u0105tkowych zaj\u0119ciach pe\u0142nych ruchu, zabawy i nauki.<\/p>\n<p data-start=\"299\" data-end=\"630\">Podczas spacer\u00f3w mali odkrywcy wyposa\u017ceni w lupy wyruszyli na poszukiwanie pierwszych oznak wiosny. Z wielkim zaanga\u017cowaniem obserwowali p\u0105ki na drzewach, pierwsze kwiaty oraz budz\u0105c\u0105 si\u0119 do \u017cycia przyrod\u0119. Dzi\u0119ki lupom mogli dok\u0142adniej przyjrze\u0107 si\u0119 drobnym szczeg\u00f3\u0142om, co sprawi\u0142o im ogromn\u0105 rado\u015b\u0107 i rozbudzi\u0142o ciekawo\u015b\u0107 \u015bwiata.<\/p>\n<p data-start=\"632\" data-end=\"934\">Kolejnym wa\u017cnym elementem naszych wiosennych aktywno\u015bci by\u0142o sadzenie kwiat\u00f3w. Dzieci samodzielnie przygotowywa\u0142y doniczki, wsypywa\u0142y ziemi\u0119 i sadzi\u0142y ro\u015bliny. Nast\u0119pnie uczy\u0142y si\u0119, jak nale\u017cy o nie dba\u0107, aby mog\u0142y pi\u0119knie rosn\u0105\u0107 i kwitn\u0105\u0107. To doskona\u0142a lekcja odpowiedzialno\u015bci oraz troski o przyrod\u0119.<\/p>\n<p data-start=\"936\" data-end=\"1127\">Wiosenne zaj\u0119cia dostarczy\u0142y dzieciom wielu pozytywnych emocji, a tak\u017ce wzbogaci\u0142y ich wiedz\u0119 o otaczaj\u0105cym \u015bwiecie. Z niecierpliwo\u015bci\u0105 czekamy na kolejne dni pe\u0142ne s\u0142o\u0144ca i wsp\u00f3lnych odkry\u0107!<\/p>\n<p>[\/vc_column_text][vc_gallery type=&#8221;image_grid&#8221; images=&#8221;8957,8958,8959,8960,8961,8962,8963,8964,8965,8966,8967,8968,8969,8970,8971,8972,8973,8974,8975,8976,8977,8978,8979&#8243; css=&#8221;&#8221;][\/vc_column][\/vc_row]<\/p>\n<\/div>","protected":false},"excerpt":{"rendered":"<p>Wraz z nadej\u015bciem wiosny nasze przedszkolaki z rado\u015bci\u0105 odkrywaj\u0105 zmiany zachodz\u0105ce w przyrodzie. W ostatnich dniach dzieci uczestniczy\u0142y w wyj\u0105tkowych zaj\u0119ciach pe\u0142nych ruchu, zabawy i nauki. Podczas spacer\u00f3w mali odkrywcy [&hellip;]<\/p>\n","protected":false},"author":264,"featured_media":0,"parent":0,"menu_order":0,"comment_status":"closed","ping_status":"closed","template":"","meta":{"ngg_post_thumbnail":0,"footnotes":""},"class_list":["post-8956","page","type-page","status-publish","hentry","clearfix"],"_links":{"self":[{"href":"https:\/\/przedszkole150.edu.wroclaw.pl\/index.php\/wp-json\/wp\/v2\/pages\/8956","targetHints":{"allow":["GET"]}}],"collection":[{"href":"https:\/\/przedszkole150.edu.wroclaw.pl\/index.php\/wp-json\/wp\/v2\/pages"}],"about":[{"href":"https:\/\/przedszkole150.edu.wroclaw.pl\/index.php\/wp-json\/wp\/v2\/types\/page"}],"author":[{"embeddable":true,"href":"https:\/\/przedszkole150.edu.wroclaw.pl\/index.php\/wp-json\/wp\/v2\/users\/264"}],"replies":[{"embeddable":true,"href":"https:\/\/przedszkole150.edu.wroclaw.pl\/index.php\/wp-json\/wp\/v2\/comments?post=8956"}],"version-history":[{"count":2,"href":"https:\/\/przedszkole150.edu.wroclaw.pl\/index.php\/wp-json\/wp\/v2\/pages\/8956\/revisions"}],"predecessor-version":[{"id":8981,"href":"https:\/\/przedszkole150.edu.wroclaw.pl\/index.php\/wp-json\/wp\/v2\/pages\/8956\/revisions\/8981"}],"wp:attachment":[{"href":"https:\/\/przedszkole150.edu.wroclaw.pl\/index.php\/wp-json\/wp\/v2\/media?parent=8956"}],"curies":[{"name":"wp","href":"https:\/\/api.w.org\/{rel}","templated":true}]}}