
{"id":8994,"date":"2026-03-29T13:32:04","date_gmt":"2026-03-29T11:32:04","guid":{"rendered":"https:\/\/przedszkole150.edu.wroclaw.pl\/?page_id=8994"},"modified":"2026-03-29T13:32:26","modified_gmt":"2026-03-29T11:32:26","slug":"wielkanocne-kartki-dla-seniorow","status":"publish","type":"page","link":"https:\/\/przedszkole150.edu.wroclaw.pl\/index.php\/wielkanocne-kartki-dla-seniorow\/","title":{"rendered":"Wielkanocne kartki dla Senior\u00f3w!"},"content":{"rendered":"<div class=\"wpb-content-wrapper\"><p data-start=\"43\" data-end=\"291\">W naszym przedszkolu z rado\u015bci\u0105 przygotowywali\u015bmy si\u0119 do nadchodz\u0105cych \u015awi\u0105t Wielkanocnych, pami\u0119taj\u0105c tak\u017ce o innych. Dzieci z wielkim zaanga\u017cowaniem wykona\u0142y pi\u0119kne, kolorowe kartki \u015bwi\u0105teczne z serdecznymi \u017cyczeniami dla Senior\u00f3w z Domu Seniora.<\/p>\n<p data-start=\"293\" data-end=\"523\">Podczas zaj\u0119\u0107 plastycznych przedszkolaki wykaza\u0142y si\u0119 ogromn\u0105 kreatywno\u015bci\u0105 \u2013 powsta\u0142y wyj\u0105tkowe kartki ozdobione wiosennymi motywami, takimi jak pisanki, kurczaczki czy kwiaty. Ka\u017cda z nich by\u0142a niepowtarzalna i wykonana z serca.<\/p>\n<p data-start=\"525\" data-end=\"757\">Tworzenie kartek by\u0142o nie tylko okazj\u0105 do rozwijania zdolno\u015bci manualnych, ale tak\u017ce wa\u017cn\u0105 lekcj\u0105 empatii, \u017cyczliwo\u015bci i pami\u0119ci o osobach starszych. Dzieci dowiedzia\u0142y si\u0119, jak wielk\u0105 rado\u015b\u0107 mog\u0105 sprawi\u0107 drobne gesty i dobre s\u0142owo.<\/p>\n<p data-start=\"759\" data-end=\"896\" data-is-last-node=\"\" data-is-only-node=\"\">Mamy nadziej\u0119, \u017ce nasze wielkanocne \u017cyczenia wywo\u0142aj\u0105 u\u015bmiech na twarzach Senior\u00f3w i sprawi\u0105 im wiele rado\u015bci w tym wyj\u0105tkowym czasie.<\/p>\n<p>[\/vc_column_text][vc_gallery type=&#8221;image_grid&#8221; images=&#8221;8995,8996,8997,8998,8999,9000,9001,9002,9003,9004&#8243; css=&#8221;&#8221;][\/vc_column][\/vc_row]<\/p>\n<\/div>","protected":false},"excerpt":{"rendered":"<p>W naszym przedszkolu z rado\u015bci\u0105 przygotowywali\u015bmy si\u0119 do nadchodz\u0105cych \u015awi\u0105t Wielkanocnych, pami\u0119taj\u0105c tak\u017ce o innych. Dzieci z wielkim zaanga\u017cowaniem wykona\u0142y pi\u0119kne, kolorowe kartki \u015bwi\u0105teczne z serdecznymi \u017cyczeniami dla Senior\u00f3w z [&hellip;]<\/p>\n","protected":false},"author":264,"featured_media":0,"parent":0,"menu_order":0,"comment_status":"closed","ping_status":"closed","template":"","meta":{"ngg_post_thumbnail":0,"footnotes":""},"class_list":["post-8994","page","type-page","status-publish","hentry","clearfix"],"_links":{"self":[{"href":"https:\/\/przedszkole150.edu.wroclaw.pl\/index.php\/wp-json\/wp\/v2\/pages\/8994","targetHints":{"allow":["GET"]}}],"collection":[{"href":"https:\/\/przedszkole150.edu.wroclaw.pl\/index.php\/wp-json\/wp\/v2\/pages"}],"about":[{"href":"https:\/\/przedszkole150.edu.wroclaw.pl\/index.php\/wp-json\/wp\/v2\/types\/page"}],"author":[{"embeddable":true,"href":"https:\/\/przedszkole150.edu.wroclaw.pl\/index.php\/wp-json\/wp\/v2\/users\/264"}],"replies":[{"embeddable":true,"href":"https:\/\/przedszkole150.edu.wroclaw.pl\/index.php\/wp-json\/wp\/v2\/comments?post=8994"}],"version-history":[{"count":2,"href":"https:\/\/przedszkole150.edu.wroclaw.pl\/index.php\/wp-json\/wp\/v2\/pages\/8994\/revisions"}],"predecessor-version":[{"id":9006,"href":"https:\/\/przedszkole150.edu.wroclaw.pl\/index.php\/wp-json\/wp\/v2\/pages\/8994\/revisions\/9006"}],"wp:attachment":[{"href":"https:\/\/przedszkole150.edu.wroclaw.pl\/index.php\/wp-json\/wp\/v2\/media?parent=8994"}],"curies":[{"name":"wp","href":"https:\/\/api.w.org\/{rel}","templated":true}]}}